Is 6 a factor of 224132105?
False
Does 289 divide 50739152?
True
Does 1295 divide 3127270?
False
Does 6229 divide 206005488?
True
Is 6 a factor of 65117076?
True
Is 2114232776 a multiple of 261?
False
Is 1107489990 a multiple of 51?
True
Is 2102 a factor of 588890014?
True
Is 639894263 a multiple of 14?
False
Is 361942243 a multiple of 181?
False
Is 1101042957 a multiple of 1973?
False
Does 118 divide 182155947?
False
Does 744 divide 15196629?
False
Is 40268836 a multiple of 608?
False
Is 62 a factor of 15677611?
False
Is 107640257 a multiple of 28?
False
Is 97 a factor of 9328199?
True
Does 184 divide 61918780?
False
Is 1065446496 a multiple of 2928?
True
Is 1839589497 a multiple of 7?
False
Does 13 divide 130985358?
False
Is 368 a factor of 493951493?
False
Is 833 a factor of 84927185?
False
Is 22 a factor of 410726602?
True
Is 841721085 a multiple of 44?
False
Is 4026541218 a multiple of 114?
True
Is 26 a factor of 4315344?
False
Is 119076007 a multiple of 37?
False
Is 9675903 a multiple of 868?
False
Does 4 divide 8645641?
False
Is 30 a factor of 28702069?
False
Does 317 divide 1511821026?
False
Does 158 divide 455260974?
False
Does 314 divide 375966644?
True
Is 779 a factor of 401191232?
True
Is 32298771 a multiple of 160?
False
Does 12 divide 1238777?
False
Is 58 a factor of 84539988?
True
Does 891 divide 42252527?
False
Is 1029 a factor of 554989374?
False
Does 68 divide 50008016?
True
Is 3783887 a multiple of 190?
False
Is 1223879865 a multiple of 15?
True
Does 14 divide 1455883821?
False
Is 1677 a factor of 85977598?
False
Is 124 a factor of 966222962?
False
Does 100 divide 32485240?
False
Does 16 divide 1519095?
False
Is 5137 a factor of 149024794?
False
Is 1324459862 a multiple of 23?
False
Is 3645 a factor of 3129571485?
True
Is 12422980 a multiple of 401?
True
Is 32213899 a multiple of 3702?
False
Does 440 divide 58818320?
True
Is 25 a factor of 11596650?
True
Is 1687 a factor of 116271157?
False
Is 10 a factor of 162051610?
True
Is 421 a factor of 35085719?
True
Is 378233389 a multiple of 7?
False
Does 1011 divide 354056512?
False
Is 37 a factor of 3453814198?
False
Does 351 divide 12487436?
False
Is 506 a factor of 182967133?
False
Is 10792404 a multiple of 548?
False
Does 114 divide 47159634?
True
Is 94985124 a multiple of 4?
True
Is 107902290 a multiple of 610?
True
Does 20 divide 202149105?
False
Is 7434 a factor of 1510951335?
False
Does 17 divide 155821169?
False
Does 646 divide 1285998530?
False
Does 62 divide 298073990?
True
Does 3 divide 165309482?
False
Is 4 a factor of 59921784?
True
Is 105160372 a multiple of 448?
False
Is 49 a factor of 646022321?
True
Is 914 a factor of 191313910?
True
Is 81311736 a multiple of 13?
False
Is 176417936 a multiple of 458?
True
Is 323809220 a multiple of 140?
True
Does 2594 divide 18513878?
False
Is 56609063 a multiple of 7?
True
Is 203699944 a multiple of 12?
False
Does 180 divide 11653230?
False
Is 835 a factor of 1536442962?
False
Does 25 divide 2078625?
True
Does 261 divide 37250857?
False
Is 2 a factor of 1469827?
False
Is 588 a factor of 5172636?
True
Is 91389630 a multiple of 879?
True
Does 5 divide 535458480?
True
Is 7 a factor of 30294537?
True
Does 73 divide 2814953?
True
Is 53882935 a multiple of 266?
False
Is 46001503 a multiple of 61?
True
Is 60 a factor of 107473827?
False
Is 6 a factor of 1045445?
False
Is 191804508 a multiple of 84?
True
Does 91 divide 447270356?
False
Does 21 divide 351490797?
True
Does 644 divide 300033804?
True
Is 1586273030 a multiple of 47?
True
Is 615 a factor of 610068955?
False
Is 48 a factor of 181064208?
True
Is 48821332 a multiple of 86?
False
Is 9 a factor of 1310420605?
False
Is 279243566 a multiple of 14?
True
Is 1088265332 a multiple of 26?
False
Does 5630 divide 363110757?
False
Does 8503 divide 378419614?
False
Does 23 divide 20761588?
False
Is 314 a factor of 14996640?
True
Is 43 a factor of 360864602?
False
Is 974 a factor of 15373268?
False
Is 21258436 a multiple of 304?
False
Is 52 a factor of 122493340?
False
Is 528 a factor of 974716512?
True
Does 3 divide 18967401?
True
Does 150 divide 19613850?
True
Is 3 a factor of 273309863?
False
Does 3077 divide 4350878?
True
Does 121 divide 448385707?
True
Is 16 a factor of 66966896?
True
Does 13 divide 66660035?
True
Is 53 a factor of 36030622?
False
Is 1119 a factor of 185088314?
False
Is 35 a factor of 115149502?
False
Is 1641 a factor of 96606120?
False
Is 4123272192 a multiple of 871?
True
Is 153 a factor of 2865996?
True
Does 102 divide 45163866?
True
Is 8 a factor of 1714857464?
True
Is 70 a factor of 2648170?
True
Is 95165070 a multiple of 770?
True
Is 37 a factor of 7657076?
True
Does 39 divide 60362302?
False
Is 564 a factor of 248528384?
False
Does 73 divide 109237968?
False
Does 34 divide 111471421?
False
Is 9197 a factor of 1461438219?
False
Is 6 a factor of 295014?
True
Is 8658 a factor of 312017004?
True
Does 3141 divide 1111576284?
False
Does 8 divide 41856880?
True
Is 4 a factor of 912098460?
True
Is 169 a factor of 53813994?
True
Is 371774244 a multiple of 454?
True
Is 10988691 a multiple of 21?
True
Does 368 divide 125703280?
True
Is 2685 a factor of 28181444?
False
Does 169 divide 1975326236?
False
Does 18 divide 11735262?
True
Is 15 a factor of 67863613?
False
Is 2606175 a multiple of 13?
True
Is 1775016866 a multiple of 1967?
True
Does 94 divide 163234012?
False
Does 17 divide 4904653?
True
Is 53 a factor of 68177837?
False
Does 2049 divide 1545176025?
False
Is 296 a factor of 54568866?
False
Is 1836939132 a multiple of 42?
True
Is 11553800 a multiple of 1151?
False
Is 511 a factor of 146814388?
True
Is 3081 a factor of 102927135?
False
Is 214110664 a multiple of 4454?
False
Does 445 divide 101796420?
True
Is 91 a factor of 670391995?
True
Does 78 divide 47714628?
True
Does 164 divide 145072836?
False
Is 431977106 a multiple of 28?
False
Is 103 a factor of 21499005?
False
Does 19 divide 644614?
False
Is 1851734966 a multiple of 62?
True
Does 529 divide 61563765?
False
Is 233869376 a multiple of 5792?
True
Does 32 divide 638068919?
False
Is 717324592 a multiple of 14?
False
Is 157 a factor of 8721372?
False
Does 362 divide 137523076?
True
Is 645 a factor of 121344241?
False
Is 67 a factor of 4726917?
True
Is 153 a factor of 231254910?
True
Does 43 divide 99849698?
True
Is 1708 a factor of 64304492?
True
Is 2322973023 a multiple of 5131?
True
Is 10913919 a multiple of 827?
True
Does 356 divide 47035432?
True
Is 75671382 a multiple of 29?
True
Is 314 a factor of 15751972?
False
Is 55 a factor of 201300935?
True
Is 873 a factor of 7824699?
True
Is 19509930 a multiple of 165?
True
Does 7 divide 2831367?
True
Is 13 a factor of 904127146?
True
Does 65 divide 75201772?
False
Is 26129250 a multiple of 105?
True
Is 32 a factor of 1954912?
True
Does 91 divide 93409139?
False
Is 68 a factor of 672952095?
False
Is 8881864 a multiple of 8?
True
Is 3412 a factor of 24476597?
False
Is 324950 a multiple of 8?
False
Is 5118848 a multiple of 7?
True
Is 328377581 a multiple of 12?
False
Is 13439668 a multiple of 7?
False
Is 2153432792 a multiple of 1862?
True
Is 1022155394 a multiple of 26?
True
Is 149 a factor of 155011293?
False
Is 857342976 a multiple of 24?
True
Is 398001921 a multiple of 4420?
False
Is 2062 a factor of 118618612?
True
Does 346 divide 85153368?
True
Is 1726 a factor of 6192888?
True
Does 405 divide 151686675?
True
Is 706055451 a multiple of 227?
False
Is 385900552 a multiple of 5?
False
Is 795205644 a multiple of 2469?
True
Is 21688650 a multiple of 199?
False
Does 14 divide 398765346?
True
Is 3 a factor of 95342005?
False
Does 42 divide 2104620672?
True
Does 13 divide 34451287?
True
Does 12 divide 748184125?
False
Is 518551099 a multiple of 638?
False
Is 3723 a factor of 167736042?
True
Is 5 a factor of 6935870?
True
Does 71 divide 2064430050?
False
Is 919 a factor of 14535477?
False
Is 715 a factor of 187186730?
False
Does 187 divide 11719689?
False
Is 289 a factor of 425145299?
True
Does 755 divide 4217778810?
True
Is 235427183 a multiple of 1425?
False
Is 21129517 a multiple of 27?
False
Is 30 a factor of 655126470?
True
Does 422 divide 350192964?
False
Does 527 divide 3786513223?
False
Does 10 divide 28907600?
True
Does 515 divide 34221235?
True
Does 14 divid